units digit of j?
7
Suppose 4*c = -a + 62, -a = -4*c - 4*a + 66. Suppose -35 = -4*o + 5*f, 0 = 2*f + f - c. Let r = 22 - o. What is the units digit of r?
7
Let f(r) = r**3 + r**2 - 4*r + 4. What is the units digit of f(0)?
4
Suppose 4*y - 186 = -10. What is the tens digit of y?
4
Suppose -4*g + 31 + 41 = 0. What is the units digit of g?
8
Suppose -3*a - 4*h - 17 = 0, 3*h + 16 = -4*a - h. Let l = a + 0. What is the units digit of l?
1
Suppose 2*c = 0, q + 3*c - 38 = 2*q. Suppose -5*d + 5 = 45. What is the units digit of (-2)/(-8) + q/d?
5
Let k(y) = 8*y + 13. Let s be k(-7). Let w = s - -65. What is the tens digit of w?
2
Let h(t) = -6*t**2 + 7*t + 15. Let v(k) = 5*k**2 - 6*k - 14. Let s(o) = 4*h(o) + 5*v(o). What is the tens digit of s(7)?
2
Let d be 0*(3 + 8/(-3)). Let a = 4 + d. Suppose -3*w + n = -2*n - 57, -3*w + 62 = -a*n. What is the tens digit of w?
1
Let r(m) = m**3 - m**2 - 3*m + 2. Let t be r(2). Suppose -u + 3*f + 8 + 14 = t, 2*u - 2*f = 40. What is the tens digit of u?
1
Let y(v) = 2*v**2 + v - 2. Let h be y(2). Let u = 16 + -22. Let q = h + u. What is the units digit of q?
2
Let i(a) = -a - 4. Let t be i(-6). Suppose -3*p + 0*l + 84 = 3*l, l - 53 = -t*p. What is the units digit of p?
5
Suppose -5*j - 16 = 4*k, 6 = -2*k - 2*j - 0*j. Suppose 3*q + 0*q + 6 = 0. What is the units digit of (-2 + k)*(-10 + q)?
2
Let u(b) = -b**2 - 7*b - 5. Let h = -13 + 7. What is the units digit of u(h)?
1
Let q = 11 + -7. Suppose 4*t = -q + 12. Suppose 0 = -2*i + 3*u + 5 + 7, u = t*i - 12. What is the units digit of i?
6
What is the units digit of 2583/45 + 4/(-10)?
7
Suppose -4*p = 2*m - 40, 3*m - 39 - 51 = 4*p. Let a = m - 16. What is the units digit of a?
0
Suppose 60 = 5*j + 4*f, -2*j = 3*j - 5*f - 15. Let i = 18 - j. What is the units digit of i?
0
Suppose -23 = -3*x + 13. Let w = 2 - x. Let r = -6 - w. What is the units digit of r?
4
Suppose 4*n = 49 + 19. Let z = 36 - n. What is the units digit of z?
9
Let r(a) = -a - 4. Let l be r(-5). Let b be (-4)/((-3)/(-9)*l). What is the tens digit of 3/b + 45/4?
1
Let t(m) = -m**3 - 10*m**2 + 11*m + 10. Let b(h) = -h**3 + h**2 - h - 11. Let n be b(0). What is the tens digit of t(n)?
1
Let o(s) = 51*s**2 - 2*s + 1. What is the units digit of o(1)?
0
What is the tens digit of 3/(-27) - (-1874)/18?
0
Let c(i) = 2*i - 5. Let k = 0 + 4. Suppose -k*q = q - 35. What is the units digit of c(q)?
9
Let f be (-10)/(-4)*16/10. Let z(u) = -4*u + 1 - u**2 + f + 0*u**2. What is the units digit of z(-4)?
5
Suppose 0 = 2*m + 5*l + 6, 2*m - 8 = -0*m + 2*l. Let w = m - -1. Suppose -w*o + 1 = -5. What is the units digit of o?
2
What is the units digit of 12/(-8)*80/(-3)?
0
What is the tens digit of 6/(-4) + 2 - 2373/(-14)?
7
Let x = -3 + 7. Suppose x*n = -2*k + 3*n - 36, -2*k + n = 36. What is the units digit of (-1)/1*(k + 2)?
6
Let i(p) = p**3 + 2*p**2 - 3*p + 1. Let c be i(3). Suppose -3*h = 5*u - 43, -5*h + c = -4*u + 8*u. What is the units digit of u?
8
Let v(q) = 2*q - 3. Let n be v(2). Suppose x - n + 0 = 0. What is the units digit of x?
1
Suppose 14 = 3*t - 49. What is the tens digit of t?
2
What is the units digit of (1/(-3))/((-102)/(-108) + -1)?
6
Let w = 11 + -8. What is the units digit of -6*w/6*-3?
9
Let r = -2 + 0. Suppose 0*u - 5 = 5*u. What is the units digit of 5 + 2/r + u?
3
Let u = -2 + 7. Suppose -4 - 1 = u*k. What is the units digit of (0 - -18)*k/(-2)?
9
Let w(h) = h - 5. Let f be w(6). Let o be -1 + f - (-2 + 0). Let t(n) = 3*n - 2. What is the units digit of t(o)?
4
Let r(j) = -4 - 1 - 2 + 3*j. What is the tens digit of r(7)?
1
Let s be 6/4 + (-4)/(-8). Suppose 0*b + 278 = 5*b - s*y, -4*y = 2*b - 116. Suppose 4*a - b = -0*a. What is the units digit of a?
4
Suppose 0 = -7*i + 6*i + 56. What is the tens digit of i?
5
Let g be 2/(-2) + 0 + 1. Let l = g - 0. Let r(y) = -y**3 + 6. What is the units digit of r(l)?
6
Suppose 2*r - 2 = -0*r. Suppose -2*h + r = -h. What is the units digit of h?
1
Let g = 50 - 33. Suppose 5*z - 7 = -4*u, 5*z - 6*u = -2*u - 17. Let n = g - z. What is the units digit of n?
8
Let c(t) = 70*t + 18. What is the hundreds digit of c(3)?
2
Suppose 4*b = 18 + 58. Suppose k - 90 = -2*o, o + 2*k - 26 = b. What is the units digit of o?
5
Let m(q) = q + 3*q**2 + 0*q**2 + q**2 - q**2. Let g be m(-1). What is the tens digit of (4/(-8))/(g/(-60))?
1
Suppose -6*f - 5*y + 224 = -3*f, 0 = -2*f - 3*y + 150. What is the tens digit of f?
7
Suppose -3*c + 5*c = 6. Suppose c*v - 7*v = -8. What is the units digit of v?
2
What is the tens digit of ((-75)/(-6) - -1)*2?
2
Suppose 0 = 3*k - 5*k - 2*d + 18, 54 = 5*k - 4*d. Let h = 20 - k. What is the units digit of h?
0
Suppose 4*m - 3*m - 100 = 0. What is the tens digit of m?
0
Suppose -4*y = 5*m - 0*y - 42, 0 = 4*m - 4*y - 48. Suppose 4*b - 54 = -m. Suppose -v = -3*x - 10, 3*x = -v - v + b. What is the units digit of v?
7
Suppose -4*j + 39 = -j. Suppose 0 = -w + 5*k + j + 15, -w + 16 = -2*k. What is the units digit of w?
8
Suppose -4*o = 6*o - 1140. What is the hundreds digit of o?
1
Let p(i) be the second derivative of i**4/12 - i**2 + 2*i. What is the tens digit of p(6)?
3
Suppose 0 = 4*b - 3*o - 7, b - 2*b + 10 = 2*o. Suppose -b*f = -3*z - 42, 0*z = -2*z + 3*f - 29. Let i = 16 + z. What is the units digit of i?
6
Let v be 8/28 - 26/(-7). Let d(w) = 4*w - 5. What is the tens digit of d(v)?
1
Let p(o) = -o + 1. Let f be p(3). Let q be f/(-8) - 4/16. Suppose 4*r = q, -2*h - 5*r + 14 = 2. What is the units digit of h?
6
Let a(d) = d**2 + 3*d. Let b be a(-4). Let s = 12 - b. What is the units digit of s?
8
Let p = 7 + -2. Let r(k) = -1 - 14*k - 5 + p. What is the units digit of r(-1)?
3
Let j(f) = f**2 + 15*f + 7. What is the units digit of j(-15)?
7
Let p(h) be the first derivative of -h**4/4 + 5*h**3/3 - h**2 - 3*h + 3. What is the units digit of p(4)?
5
Let o = -53 + 88. What is the tens digit of o?
3
Let w(r) = -r - 3. Let h be (12/8)/(6/(-32)). Let u be w(h). Let j(l) = l + 3. What is the units digit of j(u)?
8
Let j(i) = 3*i**2 - 7*i + 4. What is the units digit of j(4)?
4
Suppose -f + 17 = -61. What is the tens digit of f?
7
Let c(n) = 2*n**2 - 4*n + 3. Let o be c(2). Suppose m = v + 6*m + 15, o*m + 37 = 5*v. What is the units digit of v?
5
Suppose -4*l + 111 = -3*v - 41, 3*l - 3*v - 111 = 0. What is the units digit of l?
1
What is the hundreds digit of 157 - (-6 - (0 + -2))?
1
Suppose 5*i - 82 = -12. What is the tens digit of i?
1
Suppose -5*c - 3*b = -0*c - 173, -3*c = 3*b - 99. What is the tens digit of c?
3
Let b(w) = -w**3 - 8*w**2 - 8*w - 1. Let d = -3 + -4. Let y be b(d). Suppose -4*n = -3*o + 2, -y*o - 3*n = -o - 42. What is the units digit of o?
6
Suppose -3*h + 6*h = -9. What is the units digit of (6/(-4))/(h/14)?
7
Suppose -p - 3*m - 3 = -0*m, -m = 2*p - 4. Suppose 65 = p*u - 7. Suppose -4*r + 60 = u. What is the units digit of r?
9
Let b(p) = 43*p - 40. What is the hundreds digit of b(4)?
1
Let z(w) = 2*w**3 - 17 - 4*w**2 + 12 + 2*w - 3*w**3. What is the tens digit of z(-5)?
1
Let u be (-2)/6 - 25/(-3). Suppose -3*t + u*t = -3*r + 22, -12 = -3*r. What is the units digit of t?
2
Let f = -3 + 11. Suppose 6 + f = m. Suppose 4*l + m = -3*k + 50, -3*k + 24 = 2*l. What is the units digit of l?
6
Let g(l) = l**3 + 24*l**2 + 38*l + 13. What is the hundreds digit of g(-22)?
1
Suppose 2*c + 124 = 6*c. What is the tens digit of c?
3
Let d(r) = 2*r - 7. Let n = 4 + 1. What is the units digit of d(n)?
3
Suppose u + 16 = 5*u. Suppose -2*b - 4*v = -4, 0 = 2*b + v - 5*v - u. Suppose -b*h - 5*l + 1 = 0, 3*h - 5*l = -2*h + 20. What is the units digit of h?
3
Let g(p) = p**3 + 12*p**2 + 18*p + 16. What is the tens digit of g(-10)?
3
Let w = 826 - 447. What is the hundreds digit of w?
3
Let m = -1 + 4. What is the units digit of m?
3
Let y(p) = 8*p + 5. Suppose 5*f - 3*k = -79, 2*f - 2*k + 3*k + 36 = 0. Let a(l) = 23*l + 14. Let r(w) = f*y(w) + 6*a(w). What is the units digit of r(1)?
1
Let n(k) = -2*k + 10. Let q be n(9). Let s(z) = -z**2 - 11*z - 9. Let u be s(q). Suppose -3*m + 0*m = -u. What is the units digit of m?
5
Let s(k) = -5*k - 8. Let r be s(-6). Let g = r + -11. What is the units digit of g?
1
Let l(o) = o + 26. Suppose 0 = 3*d - 8*d - 60. What is the tens digit of l(d)?
1
Suppose -3*u = -d - 535, u + 15 = d + 196. What is the hundreds di